 c(d) = -12*d**2 - 2*d + 3. Let r(b) = b**3 + b**2 + 2. Let o be r(-2). Let a(j) = 37*j**2 + 7*j - 10. Let s(f) = o*a(f) - 7*c(f). Give s(-1).
9
Let n be (3/18)/((-4)/(-4)). Let g(j) be the second derivative of -n*j**3 - 2*j - 3/2*j**2 + 0. Determine g(4).
-7
Let v be 1 - 1 - (-10 - -4). Let w(d) = 3*d - v*d + 2*d. Calculate w(0).
0
Let m(q) be the first derivative of q**4/4 + 5*q**3/3 - 1. What is m(-5)?
0
Suppose 11*w - 8*w = -3. Let z(d) = 9*d**3 + d**2 + 2*d + 1. Calculate z(w).
-9
Suppose r = 4*q + 6, 0 = 3*r - q - 0 + 15. Let d(s) = 3*s + 5. Determine d(r).
-13
Let o(x) = x - 1. Let s(j) = 2*j + 8. Let t = 11 - 12. Suppose -f + i = -4, -2*f + 5*i = -0*f - 11. Let g(z) = f*o(z) + t*s(z). Give g(0).
-11
Let y(h) = h - 3. Suppose 45 = 5*j + 155. Let d = 27 + j. Calculate y(d).
2
Let z(c) = c**2 + c - 1. Let x = -14 - -12. Give z(x).
1
Suppose 4*m - 5*m + 2 = 0. Let j = -8 + 8. Let c(o) = 2*o**m + j*o**2 + 3 - 5*o - o**3 + 2*o. Calculate c(2).
-3
Let p(y) be the third derivative of -y**5/60 - y**4/3 - y**3/6 + 7*y**2. What is p(-6)?
11
Let k be -1*(2 + (-7 - -1)). Let z(b) = 11*b - 22. Let t(a) = -5*a + 10. Let v(d) = -13*t(d) - 6*z(d). Give v(k).
-2
Let b(v) = v**2 - 8*v - 11. Suppose 3*h - 22 = r, 3*r - 6*r + 24 = h. What is b(h)?
-2
Let k = -2 - 0. Let j(r) be the second derivative of -r**5/20 + 2*r**3/3 + 3*r**2/2 + r. Determine j(k).
3
Let c(z) = z**2 + 5*z + 5. Suppose -5*x - 36 = -0*w - 3*w, -4*x - 22 = w. Determine c(x).
11
Suppose -2*r = d - 9, -2*r + 6 = -4*d + 2*d. Suppose -5*l = s + d + 2, 0 = 3*s - 3*l - 9. Let y(v) = 4 - 2 + 2*v + 0. Give y(s).
6
Let u(t) = -7*t**3 + 8*t**2 + 7*t + 2. Let h(d) = -6*d**3 + 7*d**2 + 6*d + 2. Let k(g) = -6*h(g) + 5*u(g). Give k(3).
4
Suppose 2 - 8 = -3*r. Let c(f) = 2*f**3 - 2*f**2 - f - 2. Determine c(r).
4
Let y(i) be the third derivative of i**5/20 + 21*i**2. Give y(1).
3
Let b(r) = r**3 - 5*r**2 - 4*r + 7. Suppose 4*u - 12 = 12. Determine b(u).
19
Let a be 4 + 0/(4 + -1 + -4). Let m(f) = 4*f + 3. Determine m(a).
19
Let b be 2/11 + (-62)/(-22). Let f = -8 + b. Let x(v) = v**2 + 4*v - 6. Calculate x(f).
-1
Suppose 0 = l - q - 11, 38 = 5*l + 4*q + 10. Let h be l/(-28) + 5/(-7). Let c(b) = -5*b**2 + 4*b**3 - 5 - b + 4 + 6*b**2. What is c(h)?
-3
Let r(l) = l - 4. Let m(i) = -2*i + 14. Let o be m(10). Let c = o + 10. Calculate r(c).
0
Let p(h) = h + 2. Let x be p(-5). Let r = 3 + x. Let k(g) = 11*g - 27. Let o(u) = 5*u - 13. Let l(j) = 6*k(j) - 13*o(j). Determine l(r).
7
Let c = -9809/12 - -818. Let z(k) be the second derivative of 5/6*k**3 + 1/20*k**5 + k - 3*k**2 + c*k**4 + 0. What is z(-6)?
0
Let u(m) be the second derivative of m**5/20 - m**4/2 - m**3 - 5*m**2/2 - 7*m. What is u(7)?
2
Let n(c) be the first derivative of c**2 + 4*c + 4*c**2 + 2 - 6*c**2. Suppose t - 2*k = 14, 0 = -3*t - k + 2 + 5. Determine n(t).
-4
Let b(u) = u**2 + 3*u + 3. Let g be b(-3). Let d(s) = 6 + 0*s + 4*s**2 + 9*s - g*s**2 - 2. Let v be d(-9). Let w(f) = f**2 - 2*f + 3. Give w(v).
11
Let d(a) be the third derivative of a**8/1120 - a**7/2520 + a**6/360 - a**5/120 + a**4/12 + a**2. Let k(m) be the second derivative of d(m). Give k(1).
6
Suppose -15 = 4*y - 3*k, -k + 4 = -y + 1. Let w(g) = g**3 + 7*g**2 + 5*g - 2. Calculate w(y).
4
Let k(l) = l**3 - 2*l**2 + 5*l. Let j(o) = o**3 - 3*o**2 + 4*o. Let z(g) = 3*j(g) - 2*k(g). Suppose 4*n - 1 = 5*d - 0*d, n = -4*d + 16. Determine z(n).
-8
Suppose v - 18 = h - 2*h, v - 2*h - 18 = 0. Suppose -4*o - v = t, o + 5 - 2 = -t. Let r(n) = -n. Determine r(t).
-2
Let z(p) = -p**2 - 4*p - 2. Let w be z(-2). Let k(t) = t - 2*t**3 - 5 + 2*t**w - t**2 + 4 + 3*t**3. What is k(1)?
2
Let y(l) = -l**3 - l**2 + 3*l - 4. Let m(p) = 2*p**2 - p**2 + 5 + 0*p**2 - 5*p - p. Let g be m(4). What is y(g)?
5
Let g(q) = q**3 + 4*q**2 + 4*q + 2. Let i = 3 + -3. Suppose i = -5*u - 3*d - d + 5, 0 = 2*d. Suppose -8 = 3*h + u. Calculate g(h).
-1
Suppose -5*r = 2*r + 21. Let w(q) = q**2 + 4*q. What is w(r)?
-3
Let s(x) = 2*x**3 + 3*x**2 - x - 2. Suppose r = 1 + 4. Suppose -b + 15 = -2*b + 3*c, -5*c + r = 0. Let y = 10 + b. What is s(y)?
-4
Let y(c) = -5*c - 2. Let f(d) = 9*d + 6 + 6 - 2. Let r(g) = -18*g - 19. Let i(v) = 11*f(v) + 6*r(v). Let w(p) = -4*i(p) + 7*y(p). Calculate w(-3).
-1
Let w(n) = -5*n**2 - 1. Let u be (-4)/6*(-21)/(-14). Calculate w(u).
-6
Suppose -x + 5*s + 10 + 7 = 0, -4*x - 2*s + 2 = 0. Let f(n) = 2*n**2 + 5*n - 3*n**2 + n**2 - x - n**2. Determine f(5).
-2
Let y(l) = 0*l**2 - 1 - 6*l**2 - 2*l**2. Let h(s) = -s**3 - 11*s**2 - 9*s + 9. Let a be h(-10). Determine y(a).
-9
Let p(f) = -f - 10. Let q be p(-10). Let y = 4 - q. Suppose l + 21 = -4*x, -y*x + 14 = 5*l + 39. Let t(s) = -3*s**2. What is t(l)?
-3
Let g(l) be the third derivative of -7*l**6/60 - 7*l**3/3 + 2*l**2. Let t(n) = 5*n**3 + 5. Let o(b) = -4*g(b) - 11*t(b). Determine o(-2).
-7
Let l(b) be the second derivative of -b**6/720 + b**5/20 - b**4/12 - b. Let p(o) be the third derivative of l(o). Determine p(6).
0
Suppose 2*h - 5 = h. Let n(g) = 1 - 3*g + 5*g + h - 5. What is n(-1)?
-1
Let t(j) = -j**3 - 3*j**2 + 4*j. Let f be 8/3 - 4/(-12). Let n be f/((45/6)/(-5)). Let b = -2 + n. What is t(b)?
0
Suppose -n - 3*n + 8 = 0. Let y(v) = -v**2 + 2*v. Let o be y(n). Let m(d) = d**2 + 0 - 9 + d - 2*d. Give m(o).
-9
Let m(h) = 58 + 0*h - h - 64. Calculate m(-3).
-3
Let n(m) = 6*m**2 + m**3 + 2*m**2 - 4 - 4*m - 6*m**2 - 6*m**2. Let a(s) = s**2 + 5*s - 1. Let p be a(-6). Give n(p).
1
Let m(j) = -j - 5. Let t = -2 - -2. Suppose 0 = -t*r - 4*r - 20. Determine m(r).
0
Let p(j) = -j**3 - j**2 - 3*j - 2. Suppose 2*i = -0*y + 5*y - 15, -3*y = -5*i + 10. Let z = y - 2. Suppose 8 = -r - z*r. What is p(r)?
8
Let i(t) = -t + 4. Let z(l) = -l**2 + 3*l + 1. Let w be (2 - 0)*(-7 - -8). Let k be z(w). Give i(k).
1
Let t(b) = -1 + 5 - b + 6 - 3. Let d be t(8). Let j(u) = 12*u + 1. Calculate j(d).
-11
Let i(q) = -17*q**2 + 1. Suppose -2*u = -4*b, -5*b + 9 = -10*b - 2*u. What is i(b)?
-16
Let k(j) = 3*j - 5. Let m(z) = -2*z - 44. Let t be m(-24). What is k(t)?
7
Let b(h) = -h**3 + 9*h - 4. Let i(f) = f**3 + f**2 - 10*f + 4. Let o(x) = 5*b(x) + 4*i(x). Calculate o(5).
-4
Let j(g) = -g + 2. Let h(a) be the third derivative of a**6/120 - a**5/30 - a**4/12 - a**3/3 - 3*a**2. Let z be h(3). Give j(z).
1
Let q(p) = -p**2 - 7*p - 2. Let z(o) = 2*o**2 - 4*o. Let i be z(3). Suppose j = -3*h - h + i, 0 = 4*h - 12. Determine q(j).
4
Let m(v) = -4 + 3*v - 5 + 7*v**2 - 15*v**2 - 5*v**3. Let p(w) = -4*w**3 - 7*w**2 + 3*w - 8. Let x(z) = -3*m(z) + 4*p(z). Determine x(-5).
5
Let m(n) = n**3 + 7*n**2 + 5. Suppose -7*u + 8*u = -5*h - 31, 2*u = 3*h + 29. Give m(h).
5
Suppose 0 = 6*u + 12 + 48. Let d(o) = o**3 + 10*o**2 - 9. Calculate d(u).
-9
Let d(z) = z**2 + 6*z + 3. Let a(q) = q. Let i(x) = 6*a(x) - d(x). Let r be 0/1*(7/3)/(-7). Calculate i(r).
-3
Let i(r) be the first derivative of 1/60*r**5 + 0*r - 3 - r**3 + 0*r**4 + 1/2*r**2 + 1/120*r**6. Let s(p) be the second derivative of i(p). What is s(0)?
-6
Let y = 106 + -66. Suppose -9*q - y = -q. Let k(b) = 3*b + 6. Let n(v) = v. Let w(z) = k(z) - 2*n(z). Determine w(q).
1
Let f be (-1 - -5)*(-6)/(-8). Let i(j) be the second derivative of -j**4/12 + 2*j**3/3 - 3*j**2/2 - j. Calculate i(f).
0
Suppose 4*p = -3*b + 1 - 4, 0 = 4*b + 20. Let r(f) = -p + f**2 - 2*f**2 + 2 - 3*f. What is r(-3)?
-1
Let u = 2 + 1. Suppose v + 3*f - 12 = -2, 5*v = u*f - 22. Let g(c) = 2*c**3 + c**2 - c + 1. Determine g(v).
-9
Let j(z) be the second derivative of -1/20*z**5 + 1/4*z**4 + 1/6*z**3 + 0 - 2*z - 3/2*z**2. Calculate j(3).
0
Let x(p) = -p**3 + 6*p**2 - 6*p - 6. Suppose 0 = c + 4*f + 7, -4*f + 0 = -2*c + 22. Give x(c).
-11
Let a(o) be the second derivative of o**5/20 + 7*o**4/12 - 4*o**3/3 + 11*o**2/2 - 3*o - 16. Calculate a(-8).
11
Suppose 2*p + 4 = p. Suppose 0 = -5*h - 5*b + 4 + 1, -2*b - 6 = 0. Let k(i) = 3 - h*i + 0 + 4*i**2 - 6 + 2*i + i**3. Calculate k(p).
5
Suppose 2*x + 2 = -18. Let f be 10/(-25) - 74/x. Suppose 4*u + f = 2*g - 5, -12 = -3*g. Let k(r) = 11*r**2 + r. Give k(u).
10
Let k(j) = -35*j**3 - j + 14*j**3 + 5*j**2 + 20*j**3 + 4. Determine k(5).
-1
Let z be ((-21)/(-224))/((-18)/(-8)). Let v(h) be the third derivative of -2*h**2 + 0*h + 5/3*h**3 + 0 - z*h**4. Calculate v(5).
5
Let y(o) = -o**3 - 6*o**2 - 3*o - 9. Let s = -51 + 45